 + 2 = -3. Suppose 0*d + 32 = 2*d - q*r, -3*r = 6. What are the prime factors of d?
11
What are the prime factors of (-1 - 0)*(-18 - 512)?
2, 5, 53
Suppose -5*p + 5*v + 25 = 0, -5*v = -4*v - 1. What are the prime factors of (p/9)/(4180/2085 + -2)?
139
Suppose -7*f = -3*f - 20. Suppose -b + 5*s = -106, -3*s - 425 = -f*b + s. List the prime factors of b.
3
Let o(s) = s**3 + 10*s**2 - 12*s + 4. Let m be o(-11). List the prime factors of (250/m - -4)*9.
2, 3, 31
Let r(z) = -z**2 + 17*z - 21. Let x be r(15). Let g(t) = 3*t - 4. Let c(m) = -3*m + 4. Let n(i) = 2*c(i) + 3*g(i). What are the prime factors of n(x)?
23
Suppose 3*u - 9 = -3. Suppose 4 = -v - 0*w - 4*w, -4 = u*w. Suppose 27 = v*g + 2*x - 87, 0 = 2*x - 2. List the prime factors of g.
2, 7
Let g = -541 - -799. Let p = g + -110. What are the prime factors of p?
2, 37
Let x(t) = t**2 - 8*t + 3. Let m be x(8). Suppose -m*c - 59 = -167. Suppose -c = -3*b + 15. What are the prime factors of b?
17
Let x(b) = 2*b**3 + 2*b**2 + 8*b + 12. Let c(f) = 3*f**3 + 2*f**2 + 9*f + 13. Let h(k) = -6*c(k) + 7*x(k). What are the prime factors of h(-3)?
2, 3, 7
Suppose 4*o + o + z - 241 = 0, -3*z - 61 = -o. Let a(u) = -u**3 + 7*u**2 - 2. Let x be a(3). Let y = o - x. List the prime factors of y.
3, 5
Let y = 1578 - 401. List the prime factors of y.
11, 107
List the prime factors of (-13 - 351/(-26))/((-1)/(-1556)).
2, 389
Let m = -7 - 0. Let z(f) be the second derivative of -f**5/20 - f**4/2 + 5*f**3/6 - f + 62. List the prime factors of z(m).
2, 7
Let s(c) = -c**3 - 8*c**2 + 10. Let t(f) = -11*f + 3. Let o be t(1). Let m be s(o). List the prime factors of 345/27 + m/45.
13
Suppose 0 = 2*g + 3*g + 420. Let x be (g/(-10))/((-26)/(-65)). What are the prime factors of 1 + x + (-2 - 1)?
19
Let w = -1226 + 1251. Let a = 32 + -2. Let s = a - w. What are the prime factors of s?
5
Let m be (0 + 1)/(1 - 0). Let x = 92 - 89. List the prime factors of (7 - m) + -5 + x.
2
Let n(a) = -a**2 - 53*a + 206. What are the prime factors of n(-43)?
2, 3, 53
Suppose -s + 0*n + 3*n = 3, -3*n + 3 = 3*s. Suppose -5*k + 4*r + 477 = s, -7*r + 2*r + 357 = 4*k. What are the prime factors of k?
3, 31
Suppose -4*k + g + 3*g + 1016 = 0, 3*k + 4*g = 734. What are the prime factors of k?
2, 5
Let d(w) = 33*w**2 + w + 1. Let q be d(2). Let k = -84 + q. List the prime factors of k.
3, 17
Let u(b) = b + 6. Let d be u(-6). Let m = 30 - 26. Suppose -240 = -d*v - m*v. List the prime factors of v.
2, 3, 5
Let o = -8 - 6. Let g be (61 - 1)/(o/(-49)). List the prime factors of (1 + 0)/(6/g).
5, 7
List the prime factors of (-5 - 8)/(55/28 - 2).
2, 7, 13
Suppose 2*m - m - 13 = -4*c, 3*c - 5 = 4*m. Let x = m + 4. What are the prime factors of x?
5
Let v = 27 + -26. List the prime factors of (8/v)/(-4) + 69.
67
Let a(m) = m**3 + 37*m**2 - 159. List the prime factors of a(-35).
29, 79
Let o = 16 - 21. Let z be ((-4)/o)/(26/65). Suppose -6*u = -u + z*q - 162, 0 = -3*u - 2*q + 98. What are the prime factors of u?
2
Let v(c) be the second derivative of c**4/12 + 4*c**3/3 - 4*c**2 + c. Let b be v(-8). List the prime factors of (-102)/b + (-24)/32.
2, 3
Suppose -y + 0*k - 4*k + 43 = 0, 2*y - 36 = 2*k. List the prime factors of y.
23
Suppose 0 = -2*b - l + 1398, -3*b = -3*l + 440 - 2537. What are the prime factors of b?
3, 233
Suppose -6*w + 0*w = 0. Let i be 0 + 3/(-6)*w. Suppose i*r = -4*r + 28. What are the prime factors of r?
7
Let m(j) = -2*j**2 + 29*j - 3. Let q be m(15). Let g = 53 - q. What are the prime factors of g?
71
Let z(g) be the first derivative of 1/3*g**3 - 12 - 17*g + 0*g**2. List the prime factors of z(-8).
47
Let q(v) = v**2 + 11*v. Let s be q(5). Suppose -3*j = -j - 48. Let y = s - j. What are the prime factors of y?
2, 7
Suppose 0 = i + 20 + 4. Let n = -18 - i. What are the prime factors of n?
2, 3
Let x = -44 - -46. Suppose 0 = x*n - 64 - 58. List the prime factors of n.
61
Suppose 0 = 2*b + 56*b - 65018. List the prime factors of b.
19, 59
Suppose -a = -1, -3*a - 68 = -2*u + 17. Suppose 82 = 3*r - u. What are the prime factors of r?
2, 3, 7
Suppose -4*m = -5*n + 15, 15 = 5*m + 4*n + 3. Suppose 5*z - 116 - 269 = m. List the prime factors of z.
7, 11
Let j(t) = -6*t**3 + 1 + 2*t**2 + t - 5*t**2 - 2*t**2 + 4*t**2. Let y be j(-1). Suppose -2*n = -y*n + 18. List the prime factors of n.
2, 3
Suppose -3*f + d = 0, 0 = f - 4*d - d + 14. List the prime factors of 116 + -7 - (2 - f).
2, 3
Suppose 1 = -v + 4. Suppose -u + 8 - v = 0. What are the prime factors of (38/u)/((-5)/(-25))?
2, 19
Suppose 0*b - 2 = -2*b, 2*b = 3*l - 1996. List the prime factors of l.
2, 3, 37
Let f(s) = -1066*s + 68. What are the prime factors of f(-1)?
2, 3, 7
Suppose 20*d - 2303 = 197. What are the prime factors of d?
5
Suppose 3*d + 56 = 4*u + 7*d, -2*u + 4*d + 16 = 0. Suppose -2*i = -6*i + u. Suppose 4 = -4*j, -h = 2*j - 0*j - i. List the prime factors of h.
5
Suppose -5*t = r + 168, r - 5*t + 134 = -34. List the prime factors of (2256/r)/((-2)/14).
2, 47
Let y(b) = b**3 - b**2 + 3*b + 4. Suppose -3*z - 2*z + 15 = 0. List the prime factors of y(z).
31
Let b(a) = 26*a**2 - a + 20. Let f be b(-5). Let z = -439 + f. List the prime factors of z.
2, 59
Let m(i) = 2*i**2 + 46*i + 2. Let r be m(-23). Suppose -4*d + 525 + 287 = 4*c, -c = -r*d + 403. List the prime factors of d.
2, 101
Suppose 0*t + 2*t - 4 = 0. Suppose 2*r = -t*r + 340. List the prime factors of r.
5, 17
Let d = 989 + -828. List the prime factors of d.
7, 23
Let d be (4/(-6))/((-2)/18). Let q(r) be the third derivative of -r**5/60 + 7*r**4/24 - 2*r**3/3 + 96*r**2. What are the prime factors of q(d)?
2
Let x be ((-8)/((-16)/6))/(2/6). Suppose -501 = x*m - 12*m. List the prime factors of m.
167
Suppose 0 = 3*l + 2*l - 5*g - 3130, -3*l - 5*g = -1854. Let i = l + -348. List the prime factors of i.
5, 11
Let k(j) be the third derivative of -25*j**4/24 - j**3/3 + 7*j**2. List the prime factors of k(-2).
2, 3
Let q(f) = f**2 + 1. Let u(n) = -5*n**2 - 3*n + 2. Let g(j) = -3*q(j) - u(j). What are the prime factors of g(-6)?
7
Let n(k) = k**3 + 33*k**2 + 34*k + 103. What are the prime factors of n(-32)?
3, 13
Suppose 0 = 2*o - 3217 - 595. What are the prime factors of o?
2, 953
Suppose 0 = 9*q + 10599 - 46221. List the prime factors of q.
2, 1979
What are the prime factors of 32/4 + -6 + 374?
2, 47
Let s = 145 - 212. Let h = s - -160. List the prime factors of h.
3, 31
Suppose -9*d + 32 = -5*d. Suppose -u + 6*u - 32 = -2*b, 2*u - d = 4*b. List the prime factors of u.
2, 3
Suppose 6*w = -38 - 34. Let s(k) = -4*k + 28. List the prime factors of s(w).
2, 19
Suppose 29*k - 33*k + 60 = 0. What are the prime factors of k*(-4)/(-12) - -103?
2, 3
Let h(b) = 3*b + 15. Let l be h(-4). Suppose 23 = l*d - 4*u, 5*u + 28 - 8 = 2*d. List the prime factors of d.
5
Suppose 8*q - 4*q - 412 = 0. Let c = -44 + q. What are the prime factors of c?
59
Let c(v) = -v**3 + 11*v**2 + 14*v - 16. Let b be c(12). Suppose b*u - 69 = 5*u. Let a = -17 + u. What are the prime factors of a?
2, 3
Let g = 43 - 41. Suppose 256 = 4*c - p, g*c - p + 2*p = 134. List the prime factors of c.
5, 13
Let x be 2 + (2 - 4 - -3). Suppose -3*z + 4*m - 76 = 0, z - 60 = x*z + 2*m. List the prime factors of (63/z)/(2/(-40)).
3, 5
Suppose 2*r - 7*r + 5 = 0. Suppose -5*f + r = 2*m - 367, -f = -m + 177. What are the prime factors of m?
179
Let f(p) = 43*p - 424. List the prime factors of f(18).
2, 5, 7
Suppose -8*j = -5*j - 9. Suppose f + 2*a = a + 63, -161 = -j*f + 4*a. List the prime factors of f.
59
Let a(v) = -700*v + 64. What are the prime factors of a(-7)?
2, 17, 73
Let t be 1/(3 - (-1 - -5)). Let h(v) = 57*v**2 - 2*v - 2. Let y be h(t). Suppose -y = 4*c - 265. List the prime factors of c.
2, 13
Let q = -58 + 60. Suppose 3*h + q*k = -2*k + 93, 0 = 4*h + 3*k - 131. What are the prime factors of h?
5, 7
Let b = 27 + -21. What are the prime factors of 21/b + 2/4?
2
Suppose 10*c - 23 + 3 = 0. Let l(t) = 93*t + 9. List the prime factors of l(c).
3, 5, 13
Let d = 1469 + 287. List the prime factors of d.
2, 439
Let r be 2/(1 + (-18)/15). Let j(g) = -28*g**3 + g**2 - 7*g + 11. Let w be j(3). What are the prime factors of r/(-55) - w/11?
3, 23
Suppose 11*p = -5*p + 10304. What are the prime factors of p?
2, 7, 23
Let o = -9 + 60. Suppose -4*p - o = -207. List the prime factor